81337632?
2, 7, 109, 1061
What are the prime factors of 1013019411?
3, 37, 9126301
What are the prime factors of 199960174?
2, 99980087
What are the prime factors of 4185441461?
20681, 202381
What are the prime factors of 1791735513?
3, 597245171
What are the prime factors of 148118706?
2, 3, 304771
What are the prime factors of 378211313?
378211313
List the prime factors of 795410374.
2, 11, 257, 140681
What are the prime factors of 2146794049?
29, 43, 1721567
List the prime factors of 1987534269.
3, 7, 61, 517183
What are the prime factors of 143634359?
11, 2713, 4813
What are the prime factors of 49800394?
2, 7, 71, 50101
What are the prime factors of 356969240?
2, 5, 1223, 7297
List the prime factors of 38914767.
3, 61, 73, 971
List the prime factors of 21718895.
5, 11, 35899
List the prime factors of 6730732.
2, 113, 14891
List the prime factors of 1633507508.
2, 71, 331, 17377
List the prime factors of 7177628679.
3, 13, 31, 5936831
What are the prime factors of 267987865?
5, 53597573
What are the prime factors of 190854003?
3, 89, 714809
List the prime factors of 168581537.
17, 9916561
What are the prime factors of 670078511?
17, 39416383
List the prime factors of 844168306.
2, 12073, 34961
List the prime factors of 3291802673.
29, 31, 4073
What are the prime factors of 625668229?
79, 7919851
List the prime factors of 387924249.
3, 129308083
What are the prime factors of 128432774?
2, 64216387
List the prime factors of 728738069.
3631, 200699
List the prime factors of 1124849874.
2, 3, 79, 1427, 1663
What are the prime factors of 326206474?
2, 11, 14827567
List the prime factors of 280866712.
2, 7, 43, 116639
What are the prime factors of 62886922?
2, 7, 19, 23, 541
What are the prime factors of 27642596?
2, 23, 300463
What are the prime factors of 892535252?
2, 7, 3257, 9787
What are the prime factors of 3018777617?
47, 3539, 18149
List the prime factors of 637117365.
3, 5, 23, 599, 3083
List the prime factors of 271420023.
3, 7, 12924763
List the prime factors of 990397004.
2, 419, 590929
List the prime factors of 404458081.
317, 1275893
What are the prime factors of 64581386?
2, 32290693
List the prime factors of 4661120918.
2, 2330560459
List the prime factors of 100890872.
2, 12611359
What are the prime factors of 139949790?
2, 3, 5, 4664993
List the prime factors of 5948608634.
2, 23, 129317579
What are the prime factors of 36524143?
17, 37, 58067
What are the prime factors of 156357360?
2, 3, 5, 217163
List the prime factors of 59339917.
7, 13, 652087
What are the prime factors of 56789831?
7, 593, 13681
What are the prime factors of 137404407?
3, 7, 29, 41, 5503
What are the prime factors of 279688349?
23, 313, 38851
What are the prime factors of 937127066?
2, 468563533
List the prime factors of 640817461.
31, 20671531
List the prime factors of 5765358668.
2, 73, 103, 191693
What are the prime factors of 6253094?
2, 3126547
What are the prime factors of 28150663?
28150663
List the prime factors of 66807362.
2, 3181, 10501
What are the prime factors of 580721155?
5, 7, 1049, 15817
List the prime factors of 32637036.
2, 3, 2719753
What are the prime factors of 1037521937?
1709, 607093
List the prime factors of 518339269.
7, 67, 1105201
List the prime factors of 2927755278.
2, 3, 7, 1171, 19843
What are the prime factors of 269740763?
41, 43, 153001
List the prime factors of 66894563.
66894563
What are the prime factors of 5025990?
2, 3, 5, 29, 53, 109
List the prime factors of 1680100034.
2, 10141, 82837
List the prime factors of 1899768653.
269, 7062337
List the prime factors of 1399026501.
3, 155447389
List the prime factors of 770753433.
3, 419, 613169
What are the prime factors of 239913682?
2, 229, 523829
What are the prime factors of 1902840940?
2, 5, 7, 11, 13, 17, 5591
What are the prime factors of 61486512?
2, 3, 1280969
What are the prime factors of 88168627?
53, 463, 3593
List the prime factors of 14805025.
5, 127, 4663
What are the prime factors of 988082705?
5, 443, 446087
What are the prime factors of 61095176?
2, 23, 332039
List the prime factors of 1133380631.
3257, 347983
What are the prime factors of 374397127?
13, 28799779
List the prime factors of 786027114.
2, 3, 43668173
What are the prime factors of 74348477?
7, 10621211
What are the prime factors of 65026706?
2, 32513353
What are the prime factors of 89661652?
2, 22415413
What are the prime factors of 1905035618?
2, 952517809
List the prime factors of 593300228.
2, 148325057
List the prime factors of 93687184.
2, 163, 35923
List the prime factors of 43882490.
2, 5, 47, 73, 1279
What are the prime factors of 214245127?
29, 71, 104053
List the prime factors of 4908680.
2, 5, 7, 47, 373
List the prime factors of 241119685.
5, 107, 450691
What are the prime factors of 6745912?
2, 19, 44381
List the prime factors of 5085397329.
3, 19, 53, 373, 4513
What are the prime factors of 53758936?
2, 7, 11, 197, 443
List the prime factors of 266417437.
11, 13, 169369
What are the prime factors of 691893364?
2, 877, 197233
What are the prime factors of 165696608?
2, 7, 11, 67247
What are the prime factors of 257763237?
3, 241, 541, 659
List the prime factors of 365651986.
2, 7, 26117999
What are the prime factors of 743679046?
2, 11, 33803593
What are the prime factors of 5048820934?
2, 41, 47, 71, 18451
What are the prime factors of 5890622001?
3, 11, 47, 3797951
List the prime factors of 455781308.
2, 113945327
List the prime factors of 2780945487.
3, 102997981
What are the prime factors of 37705736?
2, 1801, 2617
List the prime factors of 304508815.
5, 13, 31, 151121
List the prime factors of 1844370.
2, 3, 5, 11, 23
What are the prime factors of 105965079?
3, 11, 1451, 2213
List the prime factors of 213298569.
3, 11, 31, 23167
List the prime factors of 1185822141.
3, 7, 251, 367, 613
What are the prime factors of 258874323?
3, 3301, 26141
What are the prime factors of 274394232?
2, 3, 7, 23, 23671
List the prime factors of 14211017.
14211017
What are the prime factors of 196747025?
5, 7869881
What are the prime factors of 1819837028?
2, 367, 1239671
List the prime factors of 251699858.
2, 17, 7402937
What are the prime factors of 172016311?
1453, 118387
List the prime factors of 54235620.
2, 3, 5, 41, 7349
What are the prime factors of 168060126?
2, 3, 13, 23, 4073
What are the prime factors of 2133063179?
13, 164081783
What are the prime factors of 320968117?
320968117
What are the prime factors of 2996312658?
2, 3, 157, 3180799
What are the prime factors of 1169399068?
2, 292349767
What are the prime factors of 389234855?
5, 19, 4097209
What are the prime factors of 931430617?
13, 179, 571, 701
List the prime factors of 56787392.
2, 179, 4957
List the prime factors of 4013004693.
3, 401, 599, 5569
What are the prime factors of 43795971?
3, 540691
What are the prime factors of 7192769?
631, 11399
List the prime factors of 1886544918.
2, 3, 11645339
What are the prime factors of 2421411235?
5, 17, 28487191
What are the prime factors of 205149445?
5, 41, 109, 9181
List the prime factors of 3955939887.
3, 1318646629
List the prime factors of 70208500.
2, 5, 140417
List the prime factors of 47101118.
2, 17, 1385327
What are the prime factors of 19355078?
2, 17, 569267
List the prime factors of 49357030.
2, 5, 41, 120383
List the prime factors of 376391069.
3557, 105817
List the prime factors of 341964939.
3, 43, 1237, 2143
List the prime factors of 58952846.
2, 29476423
What are the prime factors of 4239385?
5, 97, 8741
List the prime factors of 24733982.
2, 7, 13, 37, 3673
List the prime factors of 139600928.
2, 367, 11887
List the prime factors of 1164830512.
2, 1297, 56131
What are the prime factors of 799723935?
3, 5, 151, 1453
What are the prime factors of 375310661?
11, 3101741
List the prime factors of 531080878.
2, 317, 837667
List the prime factors of 2864379471.
3, 89, 1663, 6451
What are the prime factors of 46973328?
2, 3, 978611
List the prime factors of 190003386.
2, 3, 31667231
What are the prime factors of 1248092477?
1248092477
What are the prime factors of 387034369?
349, 569, 1949
What are the prime factors of 31121959?
11, 29, 97561
What are the prime factors of 1354126478?
2, 4127, 164057
List the prime factors of 89495355.
3, 5, 5966357
List the